*r**3/6 - 18*r**2 - 2. Is i(0) a prime number?
False
Let i(l) = -209 + 39*l + 29*l + 10*l + 22*l. Is i(26) composite?
True
Let c(s) = s**2 + 8*s + 2. Let i be c(-7). Let p(z) = 12*z**2 - 4*z - 6. Let f be p(i). Suppose -5*b + f = -3*a + 1498, 0 = 4*a - 3*b - 1586. Is a prime?
False
Suppose -b = -4*m + 526223, 4*m - 526218 = -95*b + 97*b. Is m a composite number?
True
Let b = 255457 + -24318. Is b prime?
False
Let h(o) = -34374*o - 12745. Is h(-13) prime?
True
Let l(c) = 1679*c + 42. Let v be l(2). Suppose -4*a + 4*u + 45468 - v = 0, 4*a = 3*u + 42070. Is a a composite number?
True
Let m = -31182 + 69159. Suppose m = 6*a - 57453. Is a a composite number?
True
Suppose -69*r + 18*r = 0. Is (-1 + r)/((-10)/61630) prime?
True
Suppose -5*y = -2*y. Suppose -5*i - 4477 = 5*r - 3*r, -i + 1 = y. Is 8/(-10) - r/45 prime?
False
Suppose 5*s - v = -0*v - 21, 0 = 2*s + 3*v + 22. Is (-3)/(-2)*1392 + 2 - s composite?
True
Let n be -3 - ((-1500 - -1) + -1). Suppose 4601 = -h - n. Let s = h + 8905. Is s composite?
True
Let v be (-3 - (-1 + -7))*20/25. Suppose -21540 + 6696 = -v*k. Is k prime?
False
Let b(o) = 121912*o**2 - 19*o + 16. Is b(1) composite?
False
Let y = -181 + 192. Suppose y*o = o + 30610. Is o composite?
False
Let k be ((-4)/(-22))/(9/99). Suppose 4*o - 4 = 0, -o - 817 = -3*a - k*o. Is 37*a/12 + 2/6 a composite number?
False
Let z(u) = u - 4*u - 8*u + 17*u + 2406*u**3 - 5*u. Is z(1) a prime number?
False
Let i = 185698 - -45297. Is i composite?
True
Suppose 10 = -3*v + 25. Suppose 5440 = v*b + 3*t, -4349 = -0*b - 4*b - 3*t. Is b composite?
False
Let o(y) be the second derivative of 13*y**4/6 - 4*y**3/3 - 61*y**2/2 - 102*y. Is o(12) a composite number?
True
Let d = 141 - 136. Let i be 14*-8*(93/(-6) - d). Suppose 15 = 5*c, y = -0*y + 2*c + i. Is y composite?
True
Suppose 27*n - 35*n + 24 = 0. Let b(l) = 155*l**2 + 13*l - 51. Is b(n) a prime number?
False
Suppose -917425 = -46*p + 2108869. Is p composite?
False
Let k = 678431 - 478128. Is k composite?
True
Suppose -3 = -u - 3. Suppose 5*w + o = 10, 3*w - w + 3*o + 9 = u. Suppose -4*n = -w*f + 4303, f = -2*f + 5*n + 4301. Is f composite?
True
Let p be (15/6)/((-1)/(-2)). Suppose -t + 7 = p*g, 2*t = -5*g - 0*t + 4. Suppose -g*o + 5*v + 980 = 2*v, -o + 4*v + 495 = 0. Is o a composite number?
False
Let y(v) = 59*v**3 + 25*v**2 - 10*v + 2. Let d(o) = 12*o**3 + 5*o**2 - 2*o. Let t(h) = 11*d(h) - 2*y(h). Let n = -29 + 32. Is t(n) a composite number?
True
Suppose 0 = -t - 6, -3*k = -4*t - 553254 + 8844. Is k prime?
False
Let m = 42 + -42. Suppose m = -5*t - 3*b + 27152, -2*t + 15741 = -b + 4878. Is t a composite number?
False
Let o = -534 - -1013. Let u be 7 + -4 + 6/3. Suppose -u*g = -4*g - o. Is g a composite number?
False
Let p = -7101 + 7820. Is p a composite number?
False
Let f = 1 + -1. Let p = 900 + -884. Suppose f = -12*j + p*j - 276. Is j a composite number?
True
Let k = -48371 - -199110. Is k composite?
True
Let t(j) = -1100*j**3 + 5*j**2 + 12*j + 6. Is t(-1) a composite number?
True
Suppose -37*k = -40*k, -4*g = -3*k - 7000. Let l = -153 + g. Is l composite?
False
Let p = 69 - 77. Let r(t) = -353*t + 11. Let z be r(p). Suppose -10*k = -975 - z. Is k a prime number?
False
Let d(g) = -4*g + 34. Let n be d(11). Let k be n*(0 + 2 + -3). Let o(y) = 6*y**2 + 8*y + 21. Is o(k) a prime number?
True
Suppose -280021 = -z + 3*w, -5*z + 21*w + 1400141 = 24*w. Is z a composite number?
True
Let r = 161973 - 104962. Is r a prime number?
False
Let o = 341247 - 168140. Suppose 27*x - o = 244070. Is x a composite number?
False
Let n(t) = -t**3 - 3*t**2 + 6*t + 6. Let f be n(-4). Let q(h) = -1597*h + 9. Is q(f) a prime number?
True
Suppose 9*f = -70*f + 26433637. Is f a prime number?
True
Let o = 42 - 40. Suppose -2*n + f + 33 = -2*f, o*f - 58 = -2*n. Suppose -22*g = -n*g + 466. Is g prime?
True
Suppose -4*b = 2*b. Suppose -4*y - k + 12111 = b, 4*k = y - 2*y + 3009. Is y composite?
True
Let b(o) = o**3 + 15*o**2 + 17*o + 36. Let s be b(-14). Is s/12*85328/(-8) a prime number?
True
Let t(q) = -q**3 + 26*q**2 - 31*q + 14. Let b be t(24). Suppose -4*k + b = -1790. Suppose -80 = -3*o + k. Is o a prime number?
True
Let c = 40 - 37. Suppose 4*i + 3 = 3*d, -2*i - c*i + 40 = 5*d. Suppose d*m - 1076 = m. Is m a composite number?
False
Suppose -191*v + 4530625 + 40733892 = 0. Is v a prime number?
False
Let d(b) = 17*b**2 + b - 14. Let t(i) = i**2 + 3*i - 4. Let s be t(-4). Suppose 4*l - 10 - 6 = s. Is d(l) a composite number?
True
Is (-7272480)/(-195) - -12 - (-6)/26 prime?
True
Is 285/(-6)*(8/(-20))/(-1)*-15641 a composite number?
True
Is 3/(-5) - (-2253740)/25 a prime number?
True
Let n be 98/(-6)*(-34 - -31). Is (-150664)/(-28) - (-7)/n a composite number?
False
Let o = 188 - 188. Suppose -5*h + 4937 = 3*k - 2134, o = 3*h. Is k a composite number?
False
Let i be 1 - (0 + -3)/((-39)/(-26)). Is (-24)/8 + i + 0 + 12011 composite?
False
Let p be (-2)/4*24/(-6). Suppose 7 = -p*s + 23. Suppose -i + s*i - 4879 = 0. Is i a composite number?
True
Suppose 12*i = 219 - 51. Suppose 1658 = i*a - 13*a. Is a composite?
True
Suppose 15*x - 960588 = 947667. Is x a prime number?
True
Let t be (-1 + (-1375)/3)/((-36)/594). Suppose -27*i + t = -14*i. Is i composite?
True
Suppose -4*k = 3*j + 26, -j = 5*k + 62 - 24. Let s be (8/6)/(k/(-12)). Suppose -4*f + 491 = 5*r, 5*r + s*f - f - 479 = 0. Is r prime?
False
Let a(b) = 2098*b**2 + 57*b + 358. Is a(-7) prime?
True
Let z(f) = -f**3 - 18*f**2 - 18*f - 21. Let v be z(-17). Let r = 9 + v. Suppose 0 = r*w - 5, w + 1235 = -3*a + 7821. Is a composite?
True
Let v(l) = -l**3 + 22*l**2 + 14*l + 23. Suppose b - 5*n + n + 10 = 0, 9 = 3*b + n. Suppose -2*m + 4*p = -0*m - 36, b*p + 106 = 5*m. Is v(m) a prime number?
True
Let v = 76 + -80. Let j be 15/v*(-2 + 4)*-2. Is (j - 13)*(2 + (-2510)/(-4)) a prime number?
True
Let v(n) be the third derivative of -1/6*n**3 + 0*n + 0 - 11*n**2 + 7/2*n**4. Is v(7) a composite number?
False
Is -3*(-7 + (-11)/(264/878896)) a composite number?
False
Suppose -3*w = 46*w - 2016987. Is w composite?
True
Let o = 535 + -528. Let c(k) = 60*k**3 - 11*k**2 + 48*k + 12. Is c(o) a prime number?
True
Let r be (-3 - 606/(-12)) + (-1)/(-2). Let z = r + -44. Suppose -7*y + 158 = -z*y + 5*v, -2*y + 88 = -v. Is y a prime number?
False
Let h = -8 - -11. Suppose 3*z = f + 1206 - 376, -4*z + 4*f + 1096 = 0. Suppose -h*x - 47 = -z. Is x prime?
False
Is (0 - 4/5) + (-107934867)/(-3715) composite?
True
Let x(s) = -138 - 11 - 616*s - 140*s. Is x(-5) a prime number?
True
Suppose 64711414 = 152*x - 39120546. Is x composite?
True
Suppose r = -56 - 24. Let p = r - -457. Suppose 2*v + p = j + 4*v, 4*v + 762 = 2*j. Is j composite?
False
Let f(m) = 12*m**2 - m + 2. Let k be f(2). Suppose -396*u + 384*u + 84 = 0. Let p = u + k. Is p prime?
False
Suppose 17*i - 3263391 - 2665036 = 0. Is i composite?
False
Let d(g) = -758*g**2 - 8*g - 6. Let f be d(-1). Let m = f + 1063. Is m prime?
True
Suppose 135*d + 93*d = -110*d + 86107190. Is d prime?
False
Let z = 88 + -84. Suppose -6437 = -z*k - 985. Is k a composite number?
True
Is 1844017/21*(2 - (7 - 8)) a prime number?
False
Let v(o) = -o - 511*o**2 + 1 - 144*o**2 + 60*o**2 + 1. Let y be v(1). Let w = 467 - y. Is w a composite number?
False
Is (3128069 - 480/20)/5 composite?
False
Let u be ((-33)/(-22))/(9/(-24)). Let j be 126168/231 + u/22. Suppose 5*x - 10 = 0, s - 563 = x + j. Is s a prime number?
False
Suppose 4*k - 2*k = 4026. Suppose 0 = 7*d - 13380 - k. Is (3 + (-7)/3)/(2/d) composite?
False
Let r = 17260 + 51577. Is r a prime number?
False
Let u(o) be the third derivative of -o**5/20 - 11*o**4/24 - o**3/2 + 9*o**2. Let w be u(17). Let z = w + 1926. Is z composite?
True
Suppose 34*r + r - 4504132 - 3593923 = 0. Is r a prime number?
False
Let z = 657335 + -243868. Is z a prime number?
False
Let y(p) = -107*p + 31. Let c(u) = 534*u - 156. Let k(q) = 2*c(q) + 11*y(q). Suppose 225 + 99 = -27*x. Is k(x) composite?
True
Let h be (28/35)/(0 - (-4)/(-30)). Let b(i) = -19*i - 47. Is b(h) a composite number?
False
Let a(b) = -3*b - 3. Let x be a(4). Let k(z) = -2*z - 28. Let f be k(x). Suppose -2*o = 2*s - 3*s + 121, 0 = -5*s + f*o + 629. Is s a prime number?
True
Let o be (-300)/8*4/6. Let n = o - -25. Suppose f = -1, 3*y + 3*f - 56 - 412 = n. Is y composite